valuate 17 + (-6 - (-22 - -5)) + -18.
10
(7 - (-7 + -9)) + -11
12
What is the value of 7 - (-9 - (-10 - 3 - -4))?
7
(2 - 1 - 11) + 4 + 3
-3
What is the value of -2 + (-1 - -1) + 2?
0
Evaluate (16 - -3) + -39 + 23.
3
What is the value of -18 + 2 + 6 + 4 + 9 - 32?
-29
Evaluate (6 + (-7 - -5) - 10) + 3 - -5.
2
What is 2 + 0 - (7 + 8 + (-17 - -2))?
2
What is the value of 7 - (-10 - 4 - -16) - (11 + -2)?
-4
Calculate -30 + 5 + 14 - 0.
-11
Evaluate -3 + (-4 - (-3 + -4)) + 24.
24
-25 + 15 + 0 + 12
2
42 - (63 - 25) - (-1 - -12)
-7
Calculate 6 + 1 - (9 - (1 - (9 + -13))).
3
Calculate -22 - ((-6 - -31) + -12) - -10.
-25
What is -17 + (38 + -10 - 6) + -5?
0
(-10 + 15 - 12) + -4 + 2 + -6
-15
-3 - -49 - (-16 + (-27 - -62))
27
Evaluate 0 - (62 + -43) - (-1 - 2).
-16
Calculate 6 + -9 + -10 + -5 - -4.
-14
What is (3 - -2 - -1) + -9 + 9 + -12?
-6
What is the value of 9 + (11 + -14 - 15)?
-9
What is 40 - (67 - (38 + -25))?
-14
Evaluate -12 + 2 + -22 + 15.
-17
Evaluate (4 - -11 - 11) + -1 + -1 - -7.
9
655 + -653 - ((-2 - (1 - 2)) + 4)
-1
What is the value of (-25 + 2 - -3) + (12 - 31) + 7?
-32
Calculate -5 - (1 - 7 - -4 - (-10 + 4)).
-9
Calculate 12 + 2 + (25 - 32).
7
Calculate 8 + -1 + 1 + -14 + 4.
-2
What is the value of (22 + -1 - (21 + -19)) + -5?
14
What is the value of 9 - (35 + (-17 - 4))?
-5
Evaluate -19 - ((-3 + -9 - -2) + 3).
-12
What is the value of -4 - (10 + (-16 - 4)) - (2 + -6)?
10
Calculate -1 - -6 - (-1 + 3).
3
Calculate 5 + 0 - (-14 + 3 + 8).
8
11 + (-27 - -13) + (0 - -2)
-1
Evaluate (8 - (-8 - -7)) + -25 + 32.
16
Evaluate -66 + -12 + 37 + 28.
-13
What is the value of -9 + (-6 - -24) - 8 - 9?
-8
Evaluate -2 + 8 - ((4 - (10 - 8)) + 3).
1
Evaluate -14 + -3 - (12 - 18).
-11
What is the value of (31 + -9 - 23) + (-2 - -10) - 20?
-13
What is -464 - -490 - (-3 + 13 + 3)?
13
Calculate -13 - (-11 + 7 - 2 - (1 + -6)).
-12
Calculate -9 - -1 - (-7 + (4 - -5) + -11).
1
-28 + (6 - -13) + (0 - (-2 + 1))
-8
-16 + 25 + (-10 - 4)
-5
What is -1 + (3 - (4 + -1 + 1 + 0))?
-2
Evaluate (-13 + 34 - 41) + 16.
-4
What is 7 + (36 - 25) + -17?
1
3 + 0 - -8 - (3 + 10)
-2
Calculate -10 - (7 + (17 - (5 - (7 + -9)))).
-27
Calculate (-25 - -15) + (36 - 24).
2
What is the value of -33 + 36 + -18 - -24?
9
Evaluate 58 - (45 + -10) - 18.
5
What is 5 - (3 + 3 - -1) - (0 + 5)?
-7
-11 - 0 - (-24 + (-15 - -16))
12
Calculate (13 - -6) + -19 + 40 + -10.
30
Calculate -18 - (21 + -2 - 16 - -2).
-23
What is (-13 - 3) + 14 - -11 - (-6 + 47)?
-32
What is 4 + (-1 + 3 + -5 - -22)?
23
What is 3 + 4 + -15 + (-5 - -17) + -10?
-6
What is (-4 + 13 - 7) + -1?
1
What is the value of 0 + (2 - 7) - (-3 + (9 - 31))?
20
(0 - (-3 + 6)) + 10 + -11 + 7
3
What is (3 - 12) + -7 - -14?
-2
What is the value of 19 + -7 + -5 + 20 + -8 + 0?
19
Evaluate (-1167 - -1164) + (1 - -8).
6
What is the value of (11 - -5) + (4 - 15)?
5
What is 7 + 2 + 2 + (-2 + 5 - 7)?
7
-7 - 14 - ((2 - 25) + 11)
-9
Evaluate -1 + 3 - (15 - (17 - -9)).
13
Evaluate 6 + -34 + (11 - (-2 + 12)).
-27
291 - 301 - (11 - 3)
-18
Calculate -2 - 6 - (-2 + 8 + -31 + -1).
18
Evaluate -3 + (-6 + 6 - -6) + (-6 - -5).
2
What is 17 - 13 - 14 - -47?
37
38 + -32 - (-3 + -6)
15
What is (-273 - -263) + 2 + 1 + -1?
-8
Calculate -5 + (9 - 19) + (-10 - -28).
3
What is the value of -4 + 3 + 2 - (-7 - (7 + -9))?
6
What is the value of 8 + -2 - (-13 + (-35 - -48))?
6
Calculate -28 + -1 + (-3 - -26).
-6
7 - 13 - (-3 - (-4 + 11))
4
Calculate (-12 - -12) + 19 + -19.
0
What is 4 + -2 + (-1 - 7) + 0 + -1?
-7
-4 + 11 + (-1 + -6 - (12 - -8))
-20
What is the value of (12 - (0 + 17 + -9)) + 1?
5
What is -1 + (6 - 3) + -53 + 54?
3
What is 3 + -1 + (1 - 9) - (460 - 462)?
-4
4 + (9 + -3 - (-19 + 18 - -8))
3
(0 - -2) + -3 + (-15 - (-17 + 12))
-11
What is the value of 25 - 2 - (155 - 140)?
8
What is the value of (9 + -6 - 5) + (20 - 7) + -8?
3
What is the value of (1 - 7) + 24 + (-23 + -10 - -17)?
2
(19 - -25) + -10 - 50
-16
Calculate (4 - (3 + 5)) + 25.
21
Evaluate 5 + -18 - (-24 + 25 + -8).
-6
What is the value of 10 + (-1 + 6 - (-29 - -27))?
17
What is -16 + 15 + -3 + 12 + -3?
5
5 - (6 + -17 - (-22 - -14))
8
What is the value of 4 - 5 - (34 + -36)?
1
7 + (2 - 6) + (6 - 3 - -11)
17
Calculate -1 + 0 - (193 + -192) - (-6 - 0).
4
What is the value of 0 + (-3 - (4 + -11))?
4
What is the value of 3 - (-4 + -16 - -40)?
-17
What is the value of (-4 - -45) + -45 - -27?
23
Calculate (4 - -4) + 11 + (-1 - (20 - 12)).
10
Evaluate 8 - (-6 + -2 + 2 - -2).
12
Calculate -37 - (-25 - (43 - 31)).
0
Evaluate 3 - (-29 - -10 - -29).
-7
Evaluate 12 + (-10 - -6) + -4 - 2 - 5.
-3
Evaluate -9 + 12 + (2 - 2) + (6 - 3).
6
What is the value of -3 - -8 - 9 - -2 - -1?
-1
What is -4 + (-2 - 2 - -2 - (-4 + 1))?
-3
Calculate 21 + (-7 - (1 + (4 - (-6 + 9)))).
12
Calculate -53 + 51 + 1 + -9.
-10
Calculate 9 - (1 + (4 - 0) - (-30 - -26)).
0
Evaluate 23 + (0 - (9 - 4) - -11).
29
What is -49 - -53 - (1 - (-1 + -1 - 8))?
-7
Calculate (-33 - -37) + 28 - (-1 - (0 - 2)).
31
3 - (7 + (4 - 10 - 7) - 3)
12
Calculate (-10 - -4 - (-3 + -3)) + (-3 - -6).
3
What is the value of -11 + 9 + (3 + 9 - -4)?
14
What is 2 - (4 + (-10 - (-10 + 4)) + 2)?
0
What is 27 + (6 - (-10 + (35 - (-4 + 14))))?
18
-6 + (-3 - ((-1 - 6) + -4))
2
Calculate 12 + (20 - 17 - (15 + -4 - 1)).
5
What is -18 - (-4 + (16 - 18))?
-12
27 + (-50 - -26 - -17)
20
Evaluate (355 - 327) + (2 + -4 - (-7 - -4)).
29
What is -2 + -18 + -2 + 76 + -69?
-15
What is the value of 28 - 12 - 14 - -7?
9
Calculate -1 + 7 - (24 + -6 - 26).
14
Calculate (-123 - -122) + (10 - 1).
8
Evaluate 1 + 4 + (-16 - 0).
-11
What is the value of (-2 - -12) + -53 + 34 - -27?
18
Evaluate -9 + 0 + 28 + -21 + -6.
-8
-34 - -35 - -3 - -24
28
Calculate 22 + (-14 - 8) - (4 + -1 - -6).
-9
(-26 - -7 - -7) + 3
-9
What is (-2 - (-2 - (1 + -2 - -21))) + 9?
29
Calculate 1 + 3 + -12 - (-22 + 24).
-10
Evaluate -6 + (-6 - -12) + (9 - 0).
9
What is -7 - ((-18 - -13) + (-5 - -1) + 8)?
-6
What is -3 + -10 - (7 + 5 - 7) - -4?
-14
What is the value of 12 + (5 - 9) + (-2 - -3)?
9
0 + 35 - -1 - 30
6
Calculate -1 - (-12 + 11 + (-2 - 13)).
15
Calculate (8 + -5 + -7 + 9 - 4) + -6.
-5
-7 - (-1 + 7 + -13 + 10)
-10
Evaluate (-7 - 0) + 35 + -19.
9
Evaluate (32 - (-18 + 33)) + (-1 - -9 - -1).
26
Evaluate 44 + -15 - (21 - -9).
-1
Evaluate 0 + -2 + 6 - (-18 - -16).
6
What is (-191 - -174) + (41 - -2)?
26
What is (1 - -1) + 3 + (-50 - -44)?
-1
Calculate -17 + (13 - 3) - 28 - (1 - 5).
-31
Calculate (20 + -23 - -11) + (0 - 0) + -4.
4
Calculate -53 + (19 - 26 - -33).
-27
Calculate (3 - (9 + 5 + -6)) + -2.
-7
Calculate -13 - -11 - (-4 + 5 - 4).
1
Evaluate (9 + -20 - (-2 - 14)) + -20.
-15
(6 + -10 - (-8 + 3)) + 20 - -3
24
What is 16 + -5 + (0 + 3 - 1) + -3?
10
Calculate -13 + 5 + (2 - 6) + -5.
-17
What is the value of 17 + -22 + -3 + 7?
-1
What is (-4 - -14) + (-1 - -6)?
15
Evaluate (-5 - (25 + -57)) + -41.
-14
What is the value of 8 + (1 - 3) + -3 + -11 + 14?
6
What is the value of (-45 - -54) + (-18 - 2) + (7 - 1)?
-5
-4 + -3 + -4 + 17 + -1 + 5
10
What is the value of -3 + (11 - (-4 + -3 + 8))?
7
Calculate (1 - (5 + -12) - -3) + -10.
1
Evaluate 9 - (8 + -11 + 2).
10
What is 19 + -26 + (-5 - -20)?
8
What is the value of 22 + -24 + 11 + -2 - (11 - 1)?
-3
(-4 - (0 + -5)) + -1 + 6 + 0
6
Calculate 7 - -6 - (-19 + 19).
13
0 + (-2 - -6 - (-4 - (-3 + -6)))
-1
Calculate -7 + (-27 - -83 - 28) + -1 + 1.
21
What is the value of -140 + 118 - (0 + -14)?
-8
Calculate -1 - (-7 + (-1 - -7)) - -21.
21
0 + -12 + 8 + 16 + 3
15
Calculate -1 - -37 - 12 - 27.
-3
Calculate -5 + (7 - 11 - -16 - -3).
10
What is (-6 - (-9 + 8)) + 2 + 9?
6
Calculate 8 + (3 - 8) + 4 + -5.
2
Evaluate -5 + 7 + -5 + -1 + 3.
-1
Evaluate 28 + (81 - 99) - (2 + -1).
9
What is -2 + 1 - -31 - (1902 + -1906)?
34
What is 39 - (13 - 14) - 20?
20
What is the value of -11 + 4 - (-1 + 6 - 14)?
2
Calculate 9 - (18 - 11 - -18).
-16
What is the value of 10 + -8 + -2 - (9 - 2)?
-7
What is 31 - (2 + 26) - 19?
-16
Calculate 9 - (25 - 12) - -15.
11
Evaluate (11 - 2) + (0 - (-18 + 54 - -12)).
-39
0 - (6 + (-3 - 6) + 9 + -4)
-2
What is (7 + -5 + 8 - 0 - 20) + -22?
-32
What is the value of 4 + (-8 - -3) + (5 - 7) + -4?
-7
Calculate (10 - 21 - -5) + (-2 - -15).
7
What is (11 + 1 - 6) + 0 + 1 + -3?
4
Calculate 8 + 27 + -15 + 7.
27
Evaluate (16 - 2) + (-23 - 10) + 38.
19
2 - (-11 - (-12 - (3 - 4))